i(16). Let b = 91 - c. Calculate the remainder when 70 is divided by b.
32
Suppose 66*s + 58 = 68*s. Let i = 11 - -3. Let d = i - 8. Calculate the remainder when s is divided by d.
5
Let w(h) = h**2 - 31*h + 125. What is the remainder when w(29) is divided by 57?
10
Let x(k) = -54*k + 364. Calculate the remainder when x(-1) is divided by 35.
33
Suppose -56*a = 48*a + 11*a - 1680610. Calculate the remainder when a is divided by 42.
40
Let i(n) = -3*n**3 - 6*n**2 + 17*n - 9. Let v(k) = -3*k**3 - 5*k**2 + 16*k - 10. Let b(c) = 5*i(c) - 6*v(c). What is the remainder when b(3) is divided by 15?
3
Suppose -1382*d = -1383*d - 4*m + 2522, -5*m + 12520 = 5*d. Calculate the remainder when d is divided by 15.
8
Let t(w) = -w**3 - 23*w**2 + 23*w + 9. Let i(z) = 26 - z**2 + 3*z**2 + 22*z - 14. Let d be i(-9). Calculate the remainder when t(d) is divided by 18.
15
Suppose 0*u - 3 = -3*s + 3*u, -3*u = 3*s - 21. Let f(w) = -37*w + 2868. Calculate the remainder when f(77) is divided by s.
3
Suppose 20*b = 130 + 710. Suppose s + 6 = 4*s. Suppose -b = -s*u + 4. Calculate the remainder when u is divided by 13.
10
Let c be ((-51)/(-12))/((-2)/(-24)). Let t = c - 118. Let a = 71 + t. What is the remainder when a is divided by 1?
0
Let j(t) = 11*t - 149. Calculate the remainder when 1800 is divided by j(15).
8
Let q(t) = -t**3 - 51*t**2 + 103*t - 127. Calculate the remainder when ((-10)/(-2))/((-61)/(-15) + -4) is divided by q(-53).
11
Suppose 0 = 3*j - c - 59, 0*j + 2*c = 5*j - 97. Let a be ((-3)/j + 1)/(6/(-42)). What is the remainder when a/(-9) - (124/(-3) - 2) is divided by 18?
8
Let z(d) = d**2 - 25*d - 49. Let a be z(27). Suppose 4*n - 15 = a. Calculate the remainder when 81 is divided by ((-42)/(-15))/(1/n) + -2.
9
Suppose 2*q = 2*f + 1140, -5*q - 17*f = -16*f - 2868. Calculate the remainder when q is divided by 109.
28
Suppose 5*t - 1 = 4*t + 4*a, -4*t - 5*a + 25 = 0. Suppose 0 = 3*s - 7 - t. What is the remainder when 19 is divided by s?
3
Let v = -770 + -475. Let c = 2298 + v. What is the remainder when c is divided by 96?
93
Let d = 1385 - 1311. Calculate the remainder when 3403 is divided by d.
73
Let q(r) = 763*r**2 - 4*r + 2. What is the remainder when q(1) is divided by 14?
5
Let j = 103 + -174. Let v = j + 90. What is the remainder when 47 is divided by v?
9
Suppose q + 5*j = 391, -1028 - 873 = -5*q + 2*j. Suppose -187 = -3*n + h, 3*n - 5*h - 295 = -2*n. What is the remainder when q is divided by n?
61
Let s = 17005 - 16982. Let y be (-4 + 2)*(-7 - 0). Let c = y + -8. What is the remainder when s is divided by c?
5
Let m be 54/(-15)*(-5)/(-1). Let q be (0 - 3) + m/(-3). Let s(j) = 3*j**3 - j - 8. Calculate the remainder when s(q) is divided by 18.
16
Suppose -8*q - 1414 - 930 = 0. Let i = 304 + q. What is the remainder when 32 is divided by i?
10
Let t(j) = 3 - j**2 + 3*j - 3 + 3 - 32*j**3. Calculate the remainder when t(-2) is divided by 4/1 + (-217 - -214) + -2 + 64.
60
Let z(f) = f**3 + 73*f**2 - 152*f - 103. Calculate the remainder when z(-75) is divided by 32.
15
Suppose -19 = 5*x - 159. Let d = 118 - x. Suppose 5*y - 119 = -24. Calculate the remainder when d is divided by y.
14
Suppose 16*b - 30 = 18*b. Let v(t) = 3*t**3 - t**2 + 18. Calculate the remainder when v(3) is divided by (-6)/(-15) - 339/b.
21
Let l be (56/12)/(-7)*-6. Suppose -5*d + 2*u = -207, 14*u - 156 = -l*d + 18*u. Calculate the remainder when 728 is divided by d.
40
Let o(j) = 3*j**3 - 90*j**2 - 95*j + 87. What is the remainder when 19398 is divided by o(31)?
23
Suppose -10*j - 2151 + 8081 = 0. Suppose -2*q - 238 = -4*w - 100, -5*w + 156 = 3*q. Calculate the remainder when j is divided by w.
32
Let v = 130 + -250. Let k = v + 199. Let a(f) = -33*f + 108. What is the remainder when k is divided by a(3)?
7
Suppose -85*q + 10979 = 462*q + 39. What is the remainder when 1038 is divided by q?
18
Let t(x) = 655*x**3 + 55*x**2 - 57*x + 1. Let m(j) = 42*j**2 - 3*j + 2. Calculate the remainder when t(1) is divided by m(1).
39
Let c(n) = -4*n**2 + 5. Let o be c(4). Let t = o - -83. What is the remainder when ((-39)/(-9))/((-2)/(-54)) is divided by t?
21
Let h(j) be the first derivative of -1/2*j**2 + 15 + 20*j. Calculate the remainder when h(8) is divided by 8.
4
Let p = 193 + -293. Let m = -97 - p. Calculate the remainder when 7 is divided by m.
1
Calculate the remainder when 82 is divided by -7 - (-112)/(-24)*-3.
5
Let c = -465 + 554. Calculate the remainder when 900 is divided by c.
10
Let i be 2/(-3)*(178/(-2) + -1). Let q = i - -125. What is the remainder when q is divided by 11?
9
Let p be (39 + -45)*-1*43/2. What is the remainder when 118 is divided by 86/p + (-88)/(-3)?
28
Let q(p) = 8*p**3 - 2*p**2 + 2. Suppose 668 = 4*v + 76*c - 72*c, 2*v - 5*c = 362. Calculate the remainder when v is divided by q(2).
55
Calculate the remainder when 8089 is divided by (1 - -6)*1/1 - 389546/(-1891).
208
Let v be -3 + 57/21 - 1770/(-70). Calculate the remainder when (-6)/15 - ((-4035)/v - 1) is divided by 55.
52
Let j(d) = 6*d - 4. Calculate the remainder when (12 - 138)*(-2)/2 is divided by j(6).
30
Let x(g) = 5 + 3*g**2 + g - 4*g**2 + 8 - 14. Let n(l) = -4*l**2 + 7*l - 7. Let d(v) = n(v) - 5*x(v). Calculate the remainder when 21 is divided by d(-4).
3
Let y = -152 - -290. Let z = y + -114. Let n(v) = -v + 21. What is the remainder when z is divided by n(16)?
4
Let y(x) = 37*x - 2623. Calculate the remainder when 1584 is divided by y(71).
0
Let g = 327 + -323. Suppose -y + 7*z + 203 = g*z, -436 = -2*y - 4*z. What is the remainder when y is divided by 31?
26
Let z = 171 + -168. Suppose -2*q - s + 23 = 0, 15 = 3*q - z*s - 2*s. Calculate the remainder when 25 is divided by q.
5
Let g(p) = -3*p - 48. Let w be g(-16). Suppose w = -17*h + 79 + 176. Suppose -4*l = -l - 165. Calculate the remainder when l is divided by h.
10
Suppose -8*o = -8999 - 12841. Suppose -19*z - 20*z + o = 0. What is the remainder when z is divided by 32?
6
Let s = 97 + 109. Suppose -3*d - 2*d + s = 3*v, -2*v + 204 = 5*d. Calculate the remainder when d is divided by 21.
19
Suppose -3*p - o = -10795, o + 10791 = 3*p - 2*o. What is the remainder when p is divided by 36?
34
Let z(m) = -2*m**3 + 2*m**2 + m - 2. Let l be z(1). Calculate the remainder when 15*4/20 + (0 - -24) is divided by 3 - ((0 - 12) + l + 0).
11
Suppose 0 = -2*o - 4, 0 = -44*t + 48*t + o - 66. Calculate the remainder when (-7 - (-771)/18)*6 is divided by t.
11
Suppose -4*c = k + 1 - 21, 5*k - 15 = -3*c. Let w(a) = -a**3 + 8*a**2 + 8*a + 7. Let f be w(9). Calculate the remainder when (-135)/c*(f + 1) is divided by 8.
3
Let a = 225 + -23. Suppose 825 = 11*u + 4*u. Calculate the remainder when a is divided by u.
37
Suppose -4*p = -t - t - 12, -t + 4*p - 6 = 0. Let d(l) = -l**2 - 12*l - 1. Calculate the remainder when (-412)/20*20/(-4) is divided by d(t).
33
Let n = -730 - -733. Suppose 9 = n*q, 2*a + 0*q - 42 = 4*q. Calculate the remainder when 73 is divided by a.
19
Let h = -11 + 39. Let m(f) = -17*f + 2*f**2 + 7 + 18*f + f**3 + 75. Calculate the remainder when m(0) is divided by h.
26
Let j(w) = -14*w**2 + 104*w - 8. Calculate the remainder when 1436 is divided by j(2).
140
Suppose -34*o + 2880 = 11*o. Let g = 83 - o. What is the remainder when 225 is divided by g?
16
Let u(y) = 2*y**2 + 4*y + 2. Let h be u(-3). Calculate the remainder when 16 is divided by 8/40*5*(h - 1).
2
Let l = 12564 + -12524. What is the remainder when 45 is divided by l?
5
Suppose -6*w = -3*w - 5*h - 37, 0 = -3*w + h + 41. Calculate the remainder when 1/(7/w*(-8)/(-1284)) is divided by 14.
13
Suppose 11*k - 15 = 6*k. Suppose 3*y = -5*n + 18, 14*y = 18*y - 4. What is the remainder when k is divided by n?
0
Let z = -231 - -344. Suppose -4*o + 112 = 4*u, -5*o - u + 66 + 78 = 0. Calculate the remainder when z is divided by o.
26
Suppose 5*u - 94 - 56 = 0. Let m = 336 - 339. Let f(b) = 27*b**2 + 2*b + 1. What is the remainder when f(m) is divided by u?
28
Let f(x) = 10*x + 101. What is the remainder when 1111 is divided by f(19)?
238
Let f(m) = -m - 5. Suppose -p + 5 = 17. What is the remainder when 1116/72 - (-1)/(-2) is divided by f(p)?
1
Let p(f) = f**3 + 5*f**2 + 5*f - 2. Let s be p(-4). Let n be (9/s)/((-6)/16). Suppose 11*y - n*y = 315. Calculate the remainder when y is divided by 12.